1. Let i be p(1). Suppose 0 = i*z - 1681 + 4885. Let c = -815 - z. Is c composite?
False
Suppose 0 = 5*y - 3*y. Suppose 4*v = -0*t + t - 1488, 1488 = t - 5*v. Suppose y = -5*x - 173 + t. Is x a prime number?
True
Let z(b) = -7685*b + 37. Is z(-5) prime?
False
Suppose -2*f + 30 = 3*f. Let y(r) = -r**3 - 12*r**2 - 6*r - 13. Let u be y(-10). Let l = f - u. Is l prime?
False
Suppose -15 = 2*z - 3*i, -4*i - 62 - 18 = 4*z. Is (6057/(-12))/(z/140) composite?
True
Let l be (642/(-8))/((-2)/24). Suppose 0 = -38*x + 51*x - 8398. Let j = l - x. Is j a prime number?
True
Let d be (-13)/39*(0/(-2))/2. Suppose 5*s + d*s = 4355. Is s composite?
True
Is 3 - -7889 - (-4 - 2/2) composite?
True
Let a = 10121 + -5862. Is a composite?
False
Suppose -5*o - 3*u = -373, -8*u - 93 = -o - 4*u. Suppose -c + o - 18 = 0. Is c a composite number?
False
Let w(t) = -2*t**2 - 10*t + 6. Let d be w(-6). Let z be ((-184)/12)/(4/d). Is 635*(-4 - z/(-5)) composite?
True
Suppose 5*u + i = 22, 20 - 6 = 5*u - 3*i. Suppose u*x + 12 = -52. Is (-3)/(-12) + (-364)/x a prime number?
True
Is ((-35692)/(-6))/(9/(108/8)) a prime number?
True
Suppose 112 + 12 = -4*w. Let n = w - -19. Is 198/n*(-4)/3 composite?
True
Suppose 9*l - 26803 = 390050. Is l a prime number?
False
Let i = 7 - 7. Suppose i = -2*x + 5*x - 3468. Let c = x + 205. Is c composite?
False
Let m = -490 + 1088. Let s = m - 119. Is s a composite number?
False
Let t be (-4)/((-1)/(5/2)). Suppose 3*g - t*g - 126 = 0. Is 236/3 - 6/g composite?
False
Suppose -f = 4*s - 5, -5 = -s - 4*s. Is 12 + -13 - (f - -1 - 1654) a prime number?
False
Suppose -3*b = 2*u - 432, -2*b - 2*b - 3*u = -576. Let r = 155 + b. Is r prime?
False
Suppose 4*s - 13 = -4*l + l, 2*s = 2*l + 10. Suppose -2 = -s*k + 6, -1463 = -r - 3*k. Is r a prime number?
False
Suppose 12*o = 5 + 31. Suppose 2*f - 5621 = -0*f + o*x, 3*x - 9 = 0. Is f composite?
True
Let n(l) = -16*l - 5. Let s(r) = -65*r - 21. Let b(m) = -9*n(m) + 2*s(m). Let t(g) = 2*g**2 - g - 2. Let c be t(2). Is b(c) a prime number?
True
Is ((-35)/20)/(2/(-5128)) composite?
True
Let h(g) = -g**3 - 8*g**2 + 10*g - 4. Let q be h(-9). Let s = 16 + q. Suppose -j = -3*c - 2*c + 835, s*j = c - 181. Is c composite?
True
Is -7*9/168 - 15334/(-16) prime?
False
Let n(r) = -51*r + 2*r**2 - r**2 + 11 + 49*r + r**3. Is n(6) prime?
True
Is -2 + 3790 + 4 + 5/(-1) a prime number?
False
Suppose 27 = 2*o - q, 2*o = 7*o + 5*q - 75. Is 9/21 - (-7372)/o a prime number?
False
Let s = -15 + 13. Is s/((-4975)/1655 - -3) prime?
True
Suppose -2*z - 3*z - 3*h + 37 = 0, -3*h = 2*z - 22. Let t(v) = 3*v**3 + v**2 + 3*v - 6. Is t(z) prime?
True
Let y be (-32)/(-8)*(2 - 1). Suppose 9 = u + y. Suppose 4*b = u*b - 39. Is b prime?
False
Suppose -5*x + 5*u - 2797 = -267, -3*x + u = 1518. Let k = x - -801. Is k a prime number?
False
Let b = 13 + -8. Suppose 0 = -5*x + h, 0 = 4*h - b*h + 5. Is x/(-2 + 1)*-293 a composite number?
False
Suppose -398 = -5*n + 172. Let q = -216 + n. Let f = -37 - q. Is f composite?
True
Is (-7 - -3454) + ((-15)/(-5) - 1) a composite number?
False
Let o(x) be the first derivative of -731*x**2/2 + 7*x + 25. Is o(-4) composite?
True
Let x(s) = s**3 + 44*s**2 - 29*s - 511. Is x(-30) composite?
False
Let v be -6*(32/12)/(-2). Let d be v/(-12)*3 - -988. Let r = d + -189. Is r a composite number?
False
Suppose 0 = 28*s - 48*s + 200740. Is s composite?
False
Let k(o) = o**3 - 2*o**2 - 3*o + 4. Let b be k(3). Let z be (-58)/b + 1/2. Is 539/z*(-2)/1 a composite number?
True
Is (1 + 1)*65109/66 a composite number?
False
Suppose 3*d + 113 = 2*d. Is 1 - (d - (-4 + 1)) composite?
True
Suppose -4*v = v. Suppose v = m + 28 - 74. Is (m/(2 + 0))/1 a composite number?
False
Suppose 3*k + 15320 = 11*k. Is k prime?
False
Let x(i) be the third derivative of 179/24*i**4 + 0*i + 0 - 1/3*i**3 + 3*i**2. Is x(1) composite?
True
Is -2*12/(-32) + (-9698)/(-8) a composite number?
False
Let g be 69*20/6 - 0/2. Let l = 411 - g. Is l prime?
True
Let c(y) be the third derivative of -5*y**5/8 - 5*y**4/24 + y**3/6 + y**2. Let k(h) be the first derivative of c(h). Is k(-4) prime?
False
Let c = 98 - 101. Let i(g) = 11*g**2 + 7*g + 7. Is i(c) prime?
False
Suppose 117882 = 2*j - 2*s, -117866 = -2*j + 12*s - 14*s. Is j a composite number?
False
Let x(z) = z**2 + 11*z + 17. Suppose -2*k - 17 = -3*o, k + 0*o + 3*o + 13 = 0. Let h be x(k). Suppose -4798 + 23901 = h*y. Is y a prime number?
True
Let o(w) = 72*w**2 - 6 - 3 + 13 - 5*w - 7. Is o(-1) composite?
True
Suppose 0 = -2*j - 10*j + 96684. Is j composite?
True
Suppose 0 = 8317*f - 8322*f + 61765. Is f composite?
True
Let f(y) = y**3 + 1. Let t(r) = 485*r**3 - 3*r + 1. Let i(s) = 3*f(s) - t(s). Is i(-1) a composite number?
True
Suppose -2*n = 5*g - 6, -g - 8 = -2*g + 3*n. Suppose x + g*d - 5594 = -3*x, -5*x = -5*d - 6970. Is x prime?
False
Suppose 3*h = -4*o - 11, h + 7*o = 4*o - 12. Suppose 0 = 5*m - 5*a - 300, -4*m + 290 = m - h*a. Is m composite?
True
Let r(k) = -152*k + 6. Let c be r(-1). Suppose -b + c = u, 5*u + 294 = 4*b - 347. Is b prime?
False
Suppose 2*j + 0 = 18. Let w be 1167/j - 2/(-6). Suppose -6*m + w = -m. Is m a composite number?
True
Suppose -70948 = -5*m + 9777. Is m prime?
False
Let z(c) = c**3 + 11*c**2 + 8*c - 11. Let f be z(-10). Suppose -5*d - 11276 = -f*d. Is d a composite number?
False
Let z = 6215 + -3724. Is z composite?
True
Suppose -8488 = -4*g + 3184. Is g a prime number?
False
Let s be -1 + (1 - (0 + 13)). Is (-122)/4*78/s a prime number?
False
Let y(v) = -8 - 4*v + 0 + 10 + 7*v**2. Is y(7) prime?
True
Suppose -8*c = -4*c - 16504. Let w = 6179 - c. Is w a composite number?
False
Suppose 3*m + 2*m - 20 = 0. Let x = -21 - -29. Is -178*m/x*-1 a prime number?
True
Suppose 5*d - 144 = -6*b + 3*b, 5*d - b - 132 = 0. Suppose -2*q + 113 = d. Is q a composite number?
False
Let t = -65511 - -109564. Is t composite?
False
Let t(l) = -61*l**3 + 3*l**2 + 3*l + 1. Suppose -h + 4*h = -6. Let y be t(h). Suppose 821 + y = 4*m. Is m a composite number?
True
Suppose -40 = -8*d + 4*d. Let w = d - 7. Suppose k + 4*l - 611 = 0, 2*k - 3106 = -w*k - 3*l. Is k a prime number?
False
Let w(c) = -c**2 - 7*c - 12. Let d be w(-5). Is d/3*(-2985)/10 a prime number?
True
Let r(k) = k**2 + 6*k - 5. Let f be r(-7). Suppose -2*m - f*m = -644. Is m prime?
False
Let b(p) = -8*p**3 - 3*p**2 - 3*p + 2. Let s be b(-8). Let y = s - 2335. Let r = 2914 - y. Is r a composite number?
False
Let i = 34 - 32. Suppose -4*o - 3*f = -i*f - 1275, 2*f = 2*o - 640. Is o composite?
True
Suppose -4*d - 5 = -3*p + 15, 3*p - 3*d = 18. Let o be 105 - (0 + (-4)/(-2)). Suppose x - 53 = -x - s, -p*x - s = -o. Is x composite?
True
Suppose 5*n - 1718 = 3117. Is n composite?
False
Let t be (-678)/9*(-291)/2. Let g = t - 7506. Is g a composite number?
True
Let v = -18 - -21. Suppose -542 = -x + v*a, 3091 - 843 = 4*x + 4*a. Is x a composite number?
False
Let n(y) = 6429*y + 28. Is n(3) a composite number?
True
Let a(x) = 2242*x + 11. Let c(k) = 1495*k + 7. Let v(o) = -5*a(o) + 8*c(o). Let p = 121 + -120. Is v(p) a composite number?
False
Suppose -20*n + 18*n = 174. Suppose 8*h = 3*h - 1090. Let z = n - h. Is z prime?
True
Suppose -53869 = -13*h + 2980. Is h composite?
False
Is 84972/30 + (-4)/10 - -1 a composite number?
False
Let l = -92 - -91. Let c(s) = 0 - 191*s + 0. Is c(l) prime?
True
Let w(t) = 4*t + 7. Let x be w(-3). Is (x - (-3 - 3)) + 1465 composite?
True
Let i(o) = 22247*o**3 + 2*o**2 - 4*o + 2. Is i(1) a prime number?
True
Suppose -5*w - 58434 = -4*g - 19813, 0 = g + w - 9644. Is g prime?
True
Suppose 3 - 13 = -5*b. Suppose -4*h + 40 = b*u - 862, -3*u = -2*h - 1361. Is u composite?
True
Is 35/(4 + 1) - (11 - 18017) a composite number?
False
Let s be 6/(-5)*(-15)/(-6). Let h be (-2)/(((-12)/8)/s). Is (-429 - -11)*2/h a prime number?
False
Suppose -2*h + 735 = -2*u - u, -2*h = u + 245. Let b = 994 + u. Is b prime?
False
Let i = 5 + -2. Let u(o) = 0 + i - 2*o**2 + 4*o - 21*o**3 - 2*o. Is u(-2) composite?
True
Let o(f) = 3*f**3 + 16*f**2 - 8*f - 7. Let v(g) = 7*g**3 + 33*g**2 - 17*g - 13. Let w(x) = 9*o(x) - 4*v(x). Let s be w(13). Let z = s + 395. Is z prime?
True
Let o(r) = 2*r**2 - 8*r - 3. Let g be o(4). Is (-1378*g/(-12))/(1/(-2)) composite?
True
Let v(i) = -1827*i + 1840*i + 2 + 0. Is v(9) composite?
True
Let x = -3934 + 7